{"id":53,"date":"2018-11-22T16:42:48","date_gmt":"2018-11-22T16:42:48","guid":{"rendered":"http:\/\/animacionesmanamana.es\/?page_id=53"},"modified":"2018-12-22T08:49:12","modified_gmt":"2018-12-22T08:49:12","slug":"empresas-de-comunicacion-publicidad-y-marketing-2","status":"publish","type":"page","link":"https:\/\/animacionesmanamana.es\/index.php\/empresas-de-comunicacion-publicidad-y-marketing-2\/","title":{"rendered":"Empresas de comunicaci\u00f3n, publicidad y marketing"},"content":{"rendered":"<p><strong>PROGRAMAS DE OCIO PARA EVENTOS PROMOCIONALES Y ACCIONES PUBLICITARIAS:<\/strong><\/p>\n<p>Disponemos de un amplio cat\u00e1logo de servicios y actividades de ocio, para garantizar el \u00e9xito de su evento o acci\u00f3n comercial.<br \/>\nAlgunas de nuestras actividades:<\/p>\n<p>\u2022 Juegos tem\u00e1ticos<br \/>\n\u2022 Juegos acu\u00e1ticos<br \/>\n\u2022 Gymkhanas<br \/>\n\u2022 Fiesta de la espuma<br \/>\n\u2022 Concursos<br \/>\n\u2022 Canta-juegos y cuenta-cuentos<br \/>\n\u2022 Juegos para padres\/madres e hijos\/as<br \/>\n\u2022 Ritmo y m\u00fasica<br \/>\n\u2022 Karaoke<br \/>\n\u2022 Mascotas<br \/>\n\u2022 Deportes<br \/>\n\u2022 Automoci\u00f3n<br \/>\n\u2022 Talleres<br \/>\n\u2022 Juegos tradicionales, populares y con material alternativo<br \/>\n\u2022 Actividades creativas<br \/>\n\u2022 Ferias de juegos<br \/>\n\u2022 Humor amarillo<br \/>\n\u2022 Circuito de pista americana<br \/>\n\u2022 Hinchables<br \/>\n\u2022 Maquillaje y globoflex\u00eda<br \/>\nAdecuamos el programa de actividades a la acci\u00f3n publicitaria o comercial a realizar.<\/p>\n<p><strong>GESTI\u00d3N Y ORGANIZACI\u00d3N DE EVENTOS DEPORTIVOS:<\/strong><\/p>\n<p>Nos encargamos de organizar, gestionar y promocionar cualquier evento deportivo que quieran realizar. Llevamos muchos a\u00f1os en el sector deportivo, realizando dicha labor.<br \/>\nLes podemos organizar, entre otras cosas:<\/p>\n<p>&#8211; Cl\u00ednic deportivos<br \/>\n&#8211; Exhibiciones<\/p>\n<h3><a href=\"https:\/\/animacionesmanamana.es\/index.php\/productos\/\">Pulse aqu\u00ed para conocer nuestro cat\u00e1logo<\/a><\/h3>\n","protected":false},"excerpt":{"rendered":"<p>PROGRAMAS DE OCIO PARA EVENTOS PROMOCIONALES Y ACCIONES PUBLICITARIAS: Disponemos de un amplio cat\u00e1logo de servicios y actividades de ocio, para garantizar el \u00e9xito de su evento o acci\u00f3n comercial. Algunas de nuestras actividades: \u2022 Juegos tem\u00e1ticos \u2022 Juegos acu\u00e1ticos \u2022 Gymkhanas \u2022 Fiesta de la espuma \u2022 Concursos \u2022 Canta-juegos y cuenta-cuentos \u2022 Juegos [&hellip;]<\/p>\n","protected":false},"author":1,"featured_media":0,"parent":0,"menu_order":0,"comment_status":"closed","ping_status":"closed","template":"","meta":{"footnotes":""},"class_list":["post-53","page","type-page","status-publish","hentry"],"_links":{"self":[{"href":"https:\/\/animacionesmanamana.es\/index.php\/wp-json\/wp\/v2\/pages\/53","targetHints":{"allow":["GET"]}}],"collection":[{"href":"https:\/\/animacionesmanamana.es\/index.php\/wp-json\/wp\/v2\/pages"}],"about":[{"href":"https:\/\/animacionesmanamana.es\/index.php\/wp-json\/wp\/v2\/types\/page"}],"author":[{"embeddable":true,"href":"https:\/\/animacionesmanamana.es\/index.php\/wp-json\/wp\/v2\/users\/1"}],"replies":[{"embeddable":true,"href":"https:\/\/animacionesmanamana.es\/index.php\/wp-json\/wp\/v2\/comments?post=53"}],"version-history":[{"count":4,"href":"https:\/\/animacionesmanamana.es\/index.php\/wp-json\/wp\/v2\/pages\/53\/revisions"}],"predecessor-version":[{"id":327,"href":"https:\/\/animacionesmanamana.es\/index.php\/wp-json\/wp\/v2\/pages\/53\/revisions\/327"}],"wp:attachment":[{"href":"https:\/\/animacionesmanamana.es\/index.php\/wp-json\/wp\/v2\/media?parent=53"}],"curies":[{"name":"wp","href":"https:\/\/api.w.org\/{rel}","templated":true}]}}