{"id":19,"date":"2018-11-22T16:13:54","date_gmt":"2018-11-22T16:13:54","guid":{"rendered":"http:\/\/animacionesmanamana.es\/?page_id=19"},"modified":"2018-11-26T08:51:21","modified_gmt":"2018-11-26T08:51:21","slug":"inicio","status":"publish","type":"page","link":"https:\/\/animacionesmanamana.es\/","title":{"rendered":"Inicio"},"content":{"rendered":"<div class='white' style='background:rgba(0,0,0,0); border:solid 0px rgba(0,0,0,0); border-radius:0px; padding:0px 0px 0px 0px;'>\n<div id='slider_109' class='owl-carousel sa_owl_theme owl-pagination-true autohide-arrows' data-slider-id='slider_109' style='visibility:hidden;'>\n<div id='slider_109_slide01' class='sa_hover_container' style='padding:5% 5%; margin:0px 0%; '><p><img loading=\"lazy\" decoding=\"async\" class=\"size-full wp-image-116 aligncenter\" src=\"https:\/\/animacionesmanamana.es\/wp-content\/uploads\/2018\/11\/slide-1.jpg\" alt=\"\" width=\"1080\" height=\"720\" srcset=\"https:\/\/animacionesmanamana.es\/wp-content\/uploads\/2018\/11\/slide-1.jpg 1080w, https:\/\/animacionesmanamana.es\/wp-content\/uploads\/2018\/11\/slide-1-300x200.jpg 300w, https:\/\/animacionesmanamana.es\/wp-content\/uploads\/2018\/11\/slide-1-768x512.jpg 768w, https:\/\/animacionesmanamana.es\/wp-content\/uploads\/2018\/11\/slide-1-1024x683.jpg 1024w\" sizes=\"auto, (max-width: 1080px) 100vw, 1080px\" \/><\/p><\/div>\n<div id='slider_109_slide02' class='sa_hover_container' style='padding:5% 5%; margin:0px 0%; '><p><img loading=\"lazy\" decoding=\"async\" class=\"size-full wp-image-113 aligncenter\" src=\"https:\/\/animacionesmanamana.es\/wp-content\/uploads\/2018\/11\/slide2.jpg\" alt=\"\" width=\"1080\" height=\"720\" srcset=\"https:\/\/animacionesmanamana.es\/wp-content\/uploads\/2018\/11\/slide2.jpg 1080w, https:\/\/animacionesmanamana.es\/wp-content\/uploads\/2018\/11\/slide2-300x200.jpg 300w, https:\/\/animacionesmanamana.es\/wp-content\/uploads\/2018\/11\/slide2-768x512.jpg 768w, https:\/\/animacionesmanamana.es\/wp-content\/uploads\/2018\/11\/slide2-1024x683.jpg 1024w\" sizes=\"auto, (max-width: 1080px) 100vw, 1080px\" \/><\/p><\/div>\n<div id='slider_109_slide03' class='sa_hover_container' style='padding:5% 5%; margin:0px 0%; '><p><img loading=\"lazy\" decoding=\"async\" class=\"size-full wp-image-114 aligncenter\" src=\"https:\/\/animacionesmanamana.es\/wp-content\/uploads\/2018\/11\/slide3.jpg\" alt=\"\" width=\"1080\" height=\"720\" srcset=\"https:\/\/animacionesmanamana.es\/wp-content\/uploads\/2018\/11\/slide3.jpg 1080w, https:\/\/animacionesmanamana.es\/wp-content\/uploads\/2018\/11\/slide3-300x200.jpg 300w, https:\/\/animacionesmanamana.es\/wp-content\/uploads\/2018\/11\/slide3-768x512.jpg 768w, https:\/\/animacionesmanamana.es\/wp-content\/uploads\/2018\/11\/slide3-1024x683.jpg 1024w\" sizes=\"auto, (max-width: 1080px) 100vw, 1080px\" \/><\/p><\/div>\n<\/div>\n<\/div>\n<script type='text\/javascript'>\n\tjQuery(document).ready(function() {\n\t\tjQuery('#slider_109').owlCarousel({\n\t\t\titems : 1,\n\t\t\tsmartSpeed : 200,\n\t\t\tautoplay : true,\n\t\t\tautoplayTimeout : 5000,\n\t\t\tautoplayHoverPause : true,\n\t\t\tsmartSpeed : 200,\n\t\t\tfluidSpeed : 200,\n\t\t\tautoplaySpeed : 200,\n\t\t\tnavSpeed : 200,\n\t\t\tdotsSpeed : 200,\n\t\t\tloop : true,\n\t\t\tnav : true,\n\t\t\tnavText : ['Previous','Next'],\n\t\t\tdots : true,\n\t\t\tresponsiveRefreshRate : 200,\n\t\t\tslideBy : 1,\n\t\t\tmergeFit : true,\n\t\t\tautoHeight : false,\n\t\t\tmouseDrag : false,\n\t\t\ttouchDrag : true\n\t\t});\n\t\tjQuery('#slider_109').css('visibility', 'visible');\n\t\tsa_resize_slider_109();\n\t\twindow.addEventListener('resize', sa_resize_slider_109);\n\t\tfunction sa_resize_slider_109() {\n\t\t\tvar min_height = '50';\n\t\t\tvar win_width = jQuery(window).width();\n\t\t\tvar slider_width = jQuery('#slider_109').width();\n\t\t\tif (win_width < 480) {\n\t\t\t\tvar slide_width = slider_width \/ 1;\n\t\t\t} else if (win_width < 768) {\n\t\t\t\tvar slide_width = slider_width \/ 1;\n\t\t\t} else if (win_width < 980) {\n\t\t\t\tvar slide_width = slider_width \/ 1;\n\t\t\t} else if (win_width < 1200) {\n\t\t\t\tvar slide_width = slider_width \/ 1;\n\t\t\t} else if (win_width < 1500) {\n\t\t\t\tvar slide_width = slider_width \/ 1;\n\t\t\t} else {\n\t\t\t\tvar slide_width = slider_width \/ 1;\n\t\t\t}\n\t\t\tslide_width = Math.round(slide_width);\n\t\t\tvar slide_height = '0';\n\t\t\tif (min_height == 'aspect43') {\n\t\t\t\tslide_height = (slide_width \/ 4) * 3;\t\t\t\tslide_height = Math.round(slide_height);\n\t\t\t} else if (min_height == 'aspect169') {\n\t\t\t\tslide_height = (slide_width \/ 16) * 9;\t\t\t\tslide_height = Math.round(slide_height);\n\t\t\t} else {\n\t\t\t\tslide_height = (slide_width \/ 100) * min_height;\t\t\t\tslide_height = Math.round(slide_height);\n\t\t\t}\n\t\t\tjQuery('#slider_109 .owl-item .sa_hover_container').css('min-height', slide_height+'px');\n\t\t}\n\t\tvar owl_goto = jQuery('#slider_109');\n\t\tjQuery('.slider_109_goto1').click(function(event){\n\t\t\towl_goto.trigger('to.owl.carousel', 0);\n\t\t});\n\t\tjQuery('.slider_109_goto2').click(function(event){\n\t\t\towl_goto.trigger('to.owl.carousel', 1);\n\t\t});\n\t\tjQuery('.slider_109_goto3').click(function(event){\n\t\t\towl_goto.trigger('to.owl.carousel', 2);\n\t\t});\n\t\tvar resize_109 = jQuery('.owl-carousel');\n\t\tresize_109.on('initialized.owl.carousel', function(e) {\n\t\t\tif (typeof(Event) === 'function') {\n\t\t\t\twindow.dispatchEvent(new Event('resize'));\n\t\t\t} else {\n\t\t\t\tvar evt = window.document.createEvent('UIEvents');\n\t\t\t\tevt.initUIEvent('resize', true, false, window, 0);\n\t\t\t\twindow.dispatchEvent(evt);\n\t\t\t}\n\t\t});\n\t});\n<\/script>\n\n<p>&nbsp;<\/p>\n<p style=\"text-align: justify;\"><strong>Conoce nuestro proyecto:<\/strong><\/p>\n<p style=\"text-align: justify;\"><strong>MAN\u00c1-MAN\u00c1<\/strong> nace en el a\u00f1o 2007 bajo la idea de una empresa divertida, creativa y desde la responsabilidad de hacer las cosas bien hechas. Quer\u00edamos poder expresarnos a trav\u00e9s de un proyecto serio, original y de garant\u00eda, intentando que nuestros eventos tuviesen una se\u00f1a de identidad propia, una sensibilidad diferente y una b\u00fasqueda continua de la innovaci\u00f3n.<\/p>\n<p style=\"text-align: justify;\">Organizamos eventos l\u00fadicos, por lo que buscamos que nuestros clientes se diviertan y guarden un buen recuerdo de ellos, pero al mismo tiempo trabajamos en la mayor\u00eda de los casos con ni\u00f1os y esto nos genera una gran responsabilidad.<\/p>\n<p style=\"text-align: justify;\">La primera y mas importante es que est\u00e9n seguros, por lo que cuidamos todos los detalles para poder minimizar cualquier posibilidad de percance y lo segundo que todos est\u00e9n felices, que se diviertan y que se expresen tal y como son, por lo que buscamos juegos originales adaptados al grupo, donde cada uno de los ni\u00f1os\/as encuentra el sitio donde sentirse importante.<\/p>\n<p style=\"text-align: justify;\"><em><strong>MONITORES:<\/strong><\/em> Nuestros monitores son personas educadas, divertidas, cari\u00f1osas, responsables y formadas en el sector del ocio y la educaci\u00f3n.<\/p>\n<p style=\"text-align: justify;\"><em><strong>GARANT\u00cdA:<\/strong><\/em> Man\u00e1-Man\u00e1 es una empresa que cuenta con todas las garant\u00edas: nuestros trabajadores est\u00e1n asegurados, disponemos de Seguro de Responsabilidad Civil y todos nuestros materiales e hinchables est\u00e1n homologados por la Uni\u00f3n Europea.<\/p>\n<p style=\"text-align: justify;\"><em><strong>NOS ADAPTAMOS A T\u00cd Y A TU PROYECTO:<\/strong><\/em> Cada actividad se prepara y se estudia individualmente, teniendo en cuenta tiempos de actuaci\u00f3n, ratios de ni\u00f1os por monitor, material, tipolog\u00eda de actividad por edades y alternancia de tem\u00e1tica para adaptarnos a todos los gustos.<\/p>\n<p style=\"text-align: justify;\"><em><strong>ORIGINALIDAD:<\/strong><\/em>\u00a0Disponemos de una amplia gama de juegos originales y novedosos que renovamos cada temporada.<\/p>\n<p style=\"text-align: justify;\"><em><strong>ORGANIZACI\u00d3N INTEGRAL\/PARCIAL DE UNA FIESTA Y ALQUILER Y VENTA DE MATERIALES:<\/strong><\/em> Organizamos su evento o bien le alquilamos aquello que usted necesita.<\/p>\n<h3 style=\"text-align: justify;\"><a href=\"https:\/\/animacionesmanamana.es\/index.php\/contacto\/\">Pulse aqu\u00ed para contactar y solicitar informaci\u00f3n<\/a><\/h3>\n","protected":false},"excerpt":{"rendered":"<p>&nbsp; Conoce nuestro proyecto: MAN\u00c1-MAN\u00c1 nace en el a\u00f1o 2007 bajo la idea de una empresa divertida, creativa y desde la responsabilidad de hacer las cosas bien hechas. Quer\u00edamos poder expresarnos a trav\u00e9s de un proyecto serio, original y de garant\u00eda, intentando que nuestros eventos tuviesen una se\u00f1a de identidad propia, una sensibilidad diferente y [&hellip;]<\/p>\n","protected":false},"author":1,"featured_media":0,"parent":0,"menu_order":0,"comment_status":"closed","ping_status":"closed","template":"","meta":{"footnotes":""},"class_list":["post-19","page","type-page","status-publish","hentry"],"_links":{"self":[{"href":"https:\/\/animacionesmanamana.es\/index.php\/wp-json\/wp\/v2\/pages\/19","targetHints":{"allow":["GET"]}}],"collection":[{"href":"https:\/\/animacionesmanamana.es\/index.php\/wp-json\/wp\/v2\/pages"}],"about":[{"href":"https:\/\/animacionesmanamana.es\/index.php\/wp-json\/wp\/v2\/types\/page"}],"author":[{"embeddable":true,"href":"https:\/\/animacionesmanamana.es\/index.php\/wp-json\/wp\/v2\/users\/1"}],"replies":[{"embeddable":true,"href":"https:\/\/animacionesmanamana.es\/index.php\/wp-json\/wp\/v2\/comments?post=19"}],"version-history":[{"count":21,"href":"https:\/\/animacionesmanamana.es\/index.php\/wp-json\/wp\/v2\/pages\/19\/revisions"}],"predecessor-version":[{"id":187,"href":"https:\/\/animacionesmanamana.es\/index.php\/wp-json\/wp\/v2\/pages\/19\/revisions\/187"}],"wp:attachment":[{"href":"https:\/\/animacionesmanamana.es\/index.php\/wp-json\/wp\/v2\/media?parent=19"}],"curies":[{"name":"wp","href":"https:\/\/api.w.org\/{rel}","templated":true}]}}